 divisor of r and 12?
12
Let p(l) = 2*l. Let o be p(-1). Let r be 1/(-1*o/(-86)). Let j = 91 + r. What is the greatest common divisor of 16 and j?
16
Suppose -13 = -3*f + 23. Suppose -3*l + 0*k + 3*k = -9, -5*k - 3 = -3*l. What is the greatest common factor of f and l?
6
Suppose -p = 3*j - 25, 3*p + 2*p = 4*j + 144. Suppose 134*y - 130*y - 5*x = 36, x + 8 = y. What is the highest common factor of y and p?
4
Suppose -2*v - 2 + 1 = 3*p, -5*p = -5*v + 35. What is the greatest common factor of 8 and v?
4
Let f = -14 + 2. Let s = 1 - f. Let x = 15 - s. What is the highest common divisor of 4 and x?
2
Let r be -4*((-252)/16 - -2). What is the highest common divisor of 11 and r?
11
Suppose -22*k + 9446 - 976 = 0. Calculate the greatest common divisor of k and 70.
35
Let u be (-1)/(-5) - 168/(-10). Suppose u = 3*p - 13. Calculate the greatest common factor of p and 15.
5
Let o = -38 - -44. Let w(m) = 2*m - 5. Let p be w(5). Suppose -5*x + 4*f + 12 = 0, -p*x + 2*f + 14 = -f. Calculate the highest common divisor of o and x.
2
Let s(z) = -15*z + 68. Let j be s(4). Calculate the highest common divisor of 152 and j.
8
Suppose -s = -5*m + 20, 0 = s + m - 0 - 10. Let f be (1 - 1)/(24/12). Suppose 2*c - 4 = f, 0*r + 3*c + 24 = 3*r. What is the greatest common factor of s and r?
5
Let j be 2/(-5) + (-2061)/(-15). Let d = j - 313. Let c = -113 - d. What is the highest common divisor of c and 21?
21
Let p = 27 - -29. Let y be (-592)/(-14) + (-16)/p. Calculate the highest common factor of 56 and y.
14
Suppose -w + 2*w - 15 = 0. Suppose -5*a - w = -5*t, 3*a = 4*t + t - 19. Let y be 1/(-8) + 51/24. Calculate the highest common divisor of a and y.
2
Let q = -45 + 50. Suppose 2*l - 7 = 3, -q*b - l + 365 = 0. What is the highest common divisor of b and 12?
12
Let z(q) = 10*q**2 + 1. Let m be z(-1). Suppose 4*c = -n + m + 12, -5*n - 4*c + 67 = 0. What is the greatest common factor of 44 and n?
11
Suppose -29 = 3*g - 2. Let u be 2*-1 + (9 - g). What is the highest common divisor of u and 32?
16
Suppose -2*i = 3*i + 830. Let v = -91 - i. Calculate the highest common factor of 15 and v.
15
Let l be (2/(-2) - -2)*2. Let d(u) = -u - 4. Let p be d(-4). Let f be p/l + (-24)/(-8). What is the greatest common divisor of 21 and f?
3
Let v(x) = 14*x - 21. Let i be v(4). What is the greatest common divisor of i and 7?
7
Suppose -2*l + 3*o + 84 = 0, 5670*l - 4*o - 182 = 5665*l. Suppose 0 = 5*q - 3*q + 4. Let r = q - -14. Calculate the greatest common divisor of r and l.
6
Let l be (-3)/(12/(-16))*-9. Let y be (-1)/(-4) + (-351)/l. Calculate the greatest common factor of y and 20.
10
Let z(x) = 6*x + 418. Let q be z(0). Let w be -1*(-1 + -2 + -35). Calculate the greatest common divisor of w and q.
38
Let f = -553 + 572. Calculate the highest common factor of f and 5833.
19
Let c(r) = 4*r - 5. Let v be c(4). Suppose -276 = -v*t + 9*t. What is the highest common divisor of 46 and t?
46
Let z = 222 - 217. What is the highest common divisor of 355 and z?
5
Let g(i) = -i**3 + 5*i**2 + i + 3. Let q be g(3). Suppose 157*l - 488 = 3280. Calculate the greatest common divisor of q and l.
24
Suppose 4*d - 459 = 4*s + 369, -4*d + 828 = 3*s. Let m = d + -14. Let c be (-8)/14 + m/7. What is the greatest common factor of 3 and c?
3
Let b be ((-12)/(-18))/((-6)/387). Let k = 79 + b. Calculate the greatest common divisor of k and 18.
18
Suppose 5*i + 3*i + 56 = 0. Let q(v) = 2*v**3 - 3*v**3 + 17 + 4*v + 8*v**2 + 2*v**3. Let k be q(i). Calculate the greatest common factor of 95 and k.
19
Suppose z = 114 + 8. Let x = -52 + z. What is the highest common divisor of x and 7?
7
Let x = -2 + 442. Calculate the highest common factor of x and 40.
40
Let w = -48 + 50. Suppose 2*c = 10 - w. What is the highest common factor of 2 and c?
2
Suppose p + 14 = 3*p - 4*z, -3*p + 9 = -2*z. What is the highest common divisor of 9 and p?
1
Let m be (-162)/8*48/(-36). Calculate the highest common divisor of m and 81.
27
Let c be (-2)/(-5) - 612/(-170). What is the greatest common divisor of 12 and c?
4
Suppose 787 = 11*m - 1798. What is the greatest common divisor of m and 376?
47
Let j(p) = -p**2 + 55*p - 256. Let g be j(28). Calculate the highest common factor of g and 20.
20
Let n = -191 - -137. Let h be 2/7 - n/(-42) - -31. Calculate the highest common divisor of 45 and h.
15
Suppose -x = -4*j + 20, -3*j - x + 6*x = -32. Suppose s - j = 0, -4*v + 0*s = -4*s - 416. Calculate the greatest common divisor of 12 and v.
12
Let a = -16 - 5. Let t = a - -13. Let r = t - -18. Calculate the greatest common divisor of r and 25.
5
Suppose 58*d = 63*d - 345. Let f = -36 + d. Calculate the greatest common divisor of 11 and f.
11
Suppose -94 = -5*f + 4*c + 170, 208 = 4*f - 4*c. Calculate the highest common divisor of f and 196.
28
Let u(z) = 34 - 34 + 11*z. Let c be u(7). Calculate the greatest common divisor of 11 and c.
11
Suppose -2*p + 20 = -5*d - 8, 0 = -2*d. Let v = p - -8. What is the highest common divisor of v and 11?
11
Let o(f) be the first derivative of -f**2/2 + 5*f - 4. Let p be o(-5). Let x = -9 + p. What is the highest common divisor of x and 7?
1
Let f(y) = y + 8. Let u be f(-6). Suppose u*m = 7*m + 1120. Let c be m/(-22) - (-4)/(-22). Calculate the highest common divisor of c and 20.
10
Suppose 0 = -7*o - 0*o + 882. Let a = 19 + 44. Suppose 0 = 3*y + 9 - a. What is the greatest common divisor of o and y?
18
Let u(z) be the third derivative of z**4/12 + 21*z**3 - 7*z**2. Let d be u(0). Suppose 864 + d = 5*v. Calculate the greatest common factor of v and 18.
18
Suppose -652*u + 60 = -647*u. What is the greatest common divisor of u and 24?
12
Let f = -9 + 8. Let k(v) = 109*v**3 - v - 1. Let w be k(f). Let a = -18 - w. What is the greatest common factor of a and 13?
13
Let i be (-3)/18 + (-138)/36. Let p be (i - (4 - 9))*-6. Let q(y) = -y**2 - 4*y + 20. Let g be q(p). What is the greatest common divisor of g and 56?
8
Suppose -24*m + 21*m + 114 = 0. Let y = 110 + -53. Calculate the highest common factor of m and y.
19
Let m be (-1309)/255 + (-4)/(-30). Let i(x) = x**3 + 6*x**2 + x - 4. Let a be i(m). Calculate the greatest common divisor of 128 and a.
16
Let t = 141 + -126. What is the greatest common divisor of t and 15?
15
Let f(u) = 11*u - 27. Let v be f(4). Calculate the highest common factor of 425 and v.
17
Let y be (-48)/60 + (-192)/(-15). Suppose 18 = -2*b + 5*b. What is the greatest common factor of y and b?
6
Let m(w) = -w**2 + 17*w - 30. Let f be m(13). Let l(h) = -28*h - 2. Let g be l(-4). Calculate the greatest common factor of f and g.
22
Suppose 70 = 2*i + 4*p, i - 4*p - 13 = 52. Let s = -34 + i. What is the greatest common factor of 77 and s?
11
Suppose 3*z - 25*k + 20*k = 2536, -k + 1 = 0. What is the highest common divisor of z and 231?
77
Let w = 10 - 6. Suppose -a = -1 - w. Suppose 3*j = 4*t - 90, -5*j + 9 = a*t - 86. Calculate the highest common divisor of 3 and t.
3
Let k(l) = -74*l - 277. Let i be k(-15). What is the greatest common factor of 98 and i?
49
Suppose z = -6*z + 315. What is the highest common factor of z and 25?
5
Let j be ((-48)/5)/(12/(-80)). Let y be 3/(116/112 + 8/(-28)). Suppose j + 7 = y*h + 3*d, -3*h + 62 = 4*d. Calculate the highest common divisor of 28 and h.
14
Let k = -3130 - -3195. What is the greatest common factor of 20 and k?
5
Let t = 158 - 62. Let f = 394 - 154. Calculate the highest common factor of f and t.
48
Let d(a) = -2*a**3 + 53*a**2 + 42*a - 53. Let h be d(26). Calculate the greatest common divisor of h and 70.
35
Let q(s) = -s**2 - 4*s + 4. Let p be q(-4). Let y be p + (32 + 4 - 4). Calculate the highest common divisor of 24 and y.
12
Let k(s) = s + 11. Let y be k(-9). Suppose -4*m + 16 = -y*m. Let t be 32/10*(-90)/(-4). Calculate the greatest common divisor of t and m.
8
Let i be 2 - 2/4*0. Suppose 3*l + o = 78, 5*l - 122 = -o + i*o. Suppose 4*x + l = q, -5*x = -5*q + 42 + 8. What is the greatest common divisor of 15 and q?
5
Suppose 65 = z - 47. Let o = -31 + z. What is the greatest common factor of o and 9?
9
Let y(n) = 10*n + n**2 + 3 - 13 + 2. Let s be y(-11). Suppose 22 = s*q - 41. Calculate the greatest common divisor of 7 and q.
7
Let h = 27 + -18. Let b = 474 + -447. Calculate the greatest common factor of b and h.
9
Let x be (2 + -20)*((-30)/